{"id":5980,"date":"2026-02-05T10:41:22","date_gmt":"2026-02-05T09:41:22","guid":{"rendered":"https:\/\/www.wallhalla.se\/?page_id=5980"},"modified":"2026-04-21T07:41:53","modified_gmt":"2026-04-21T05:41:53","slug":"fest-moten","status":"publish","type":"page","link":"https:\/\/www.wallhalla.se\/en\/fest-moten\/","title":{"rendered":"Celebrations &amp; Meetings"},"content":{"rendered":"","protected":false},"excerpt":{"rendered":"<p>Fira fest, br\u00f6llop eller h\u00e5ll m\u00f6te p\u00e5 Wallhalla i V\u00e4nnfors n\u00e4ra Ume\u00e5. En personlig plats f\u00f6r sammankomster och mindre grupper.<\/p>","protected":false},"author":1,"featured_media":5640,"parent":0,"menu_order":1,"comment_status":"closed","ping_status":"closed","template":"","meta":{"_acf_changed":false,"_cloudinary_featured_overwrite":false,"footnotes":""},"class_list":["post-5980","page","type-page","status-publish","has-post-thumbnail","hentry"],"acf":[],"_links":{"self":[{"href":"https:\/\/www.wallhalla.se\/en\/wp-json\/wp\/v2\/pages\/5980","targetHints":{"allow":["GET"]}}],"collection":[{"href":"https:\/\/www.wallhalla.se\/en\/wp-json\/wp\/v2\/pages"}],"about":[{"href":"https:\/\/www.wallhalla.se\/en\/wp-json\/wp\/v2\/types\/page"}],"author":[{"embeddable":true,"href":"https:\/\/www.wallhalla.se\/en\/wp-json\/wp\/v2\/users\/1"}],"replies":[{"embeddable":true,"href":"https:\/\/www.wallhalla.se\/en\/wp-json\/wp\/v2\/comments?post=5980"}],"version-history":[{"count":100,"href":"https:\/\/www.wallhalla.se\/en\/wp-json\/wp\/v2\/pages\/5980\/revisions"}],"predecessor-version":[{"id":9887,"href":"https:\/\/www.wallhalla.se\/en\/wp-json\/wp\/v2\/pages\/5980\/revisions\/9887"}],"wp:featuredmedia":[{"embeddable":true,"href":"https:\/\/www.wallhalla.se\/en\/wp-json\/wp\/v2\/media\/5640"}],"wp:attachment":[{"href":"https:\/\/www.wallhalla.se\/en\/wp-json\/wp\/v2\/media?parent=5980"}],"curies":[{"name":"wp","href":"https:\/\/api.w.org\/{rel}","templated":true}]}}

<p>Fira fest, bröllop eller håll möte på Wallhalla i Vännfors nära Umeå. En personlig plats för sammankomster och mindre grupper.</p>
