{"id":8599,"date":"2026-04-03T16:53:30","date_gmt":"2026-04-03T14:53:30","guid":{"rendered":"https:\/\/www.wallhalla.se\/?post_type=experience&#038;p=8599"},"modified":"2026-04-05T16:00:53","modified_gmt":"2026-04-05T14:00:53","slug":"hast-och-vagn-i-vastra-spoland","status":"publish","type":"experience","link":"https:\/\/www.wallhalla.se\/es\/experience\/hast-och-vagn-i-vastra-spoland\/","title":{"rendered":"H\u00e4st och vagn i V\u00e4stra Sp\u00f6land"},"content":{"rendered":"","protected":false},"excerpt":{"rendered":"<p>En tur med h\u00e4st och vagn genom byn och \u00f6ppna \u00e5krar i V\u00e4stra Sp\u00f6land, i h\u00e4stens tempo.<\/p>","protected":false},"featured_media":8605,"template":"","meta":{"_acf_changed":true,"_cloudinary_featured_overwrite":false},"season":[88],"class_list":["post-8599","experience","type-experience","status-publish","has-post-thumbnail","hentry","season-hela-aret"],"acf":[],"_links":{"self":[{"href":"https:\/\/www.wallhalla.se\/es\/wp-json\/wp\/v2\/experience\/8599","targetHints":{"allow":["GET"]}}],"collection":[{"href":"https:\/\/www.wallhalla.se\/es\/wp-json\/wp\/v2\/experience"}],"about":[{"href":"https:\/\/www.wallhalla.se\/es\/wp-json\/wp\/v2\/types\/experience"}],"wp:featuredmedia":[{"embeddable":true,"href":"https:\/\/www.wallhalla.se\/es\/wp-json\/wp\/v2\/media\/8605"}],"wp:attachment":[{"href":"https:\/\/www.wallhalla.se\/es\/wp-json\/wp\/v2\/media?parent=8599"}],"wp:term":[{"taxonomy":"season","embeddable":true,"href":"https:\/\/www.wallhalla.se\/es\/wp-json\/wp\/v2\/season?post=8599"}],"curies":[{"name":"wp","href":"https:\/\/api.w.org\/{rel}","templated":true}]}}

Häst och vagn i Västra Spöland

<p>En tur med häst och vagn genom byn och öppna åkrar i Västra Spöland, i hästens tempo.</p>
